isor of n and 12?
12
Suppose 0 = 5*m + 162 + 38. Let h = -24 - m. What is the greatest common factor of 144 and h?
16
Let r = -25 - -43. Suppose 0 = -6*y + 19 + 17. Calculate the greatest common factor of r and y.
6
Let y = 25 + -16. Calculate the highest common factor of 36 and y.
9
Let q = 83 + -57. What is the highest common divisor of q and 52?
26
Let w = 164 - 116. Let v be (-1)/(-1)*3/(-1). Let y be (-2)/v - 32/(-6). What is the highest common factor of w and y?
6
Let b = 48 + -32. What is the greatest common divisor of b and 16?
16
Let h be ((-32)/24)/(1/3). Let o be (-2 - -13)/((-2)/h). Calculate the greatest common divisor of 55 and o.
11
Suppose -t - 3*t = -68. What is the greatest common factor of t and 119?
17
Suppose 18 = w + 2*w. What is the highest common factor of 24 and w?
6
Let d be 26/6 + 4/(-12). Let m be d/(-2) + (2 - -16). What is the highest common divisor of m and 24?
8
Suppose 7 = u - 4. Let y be 3/(-6)*2 + u. What is the greatest common factor of y and 40?
10
Let h(y) = y**2 + 10*y + 13. Let x be h(-10). Let k be 3 - 0 - (5*-10)/5. What is the greatest common divisor of k and x?
13
Let m be 3/9 - 984/(-18). Calculate the greatest common divisor of m and 22.
11
Suppose t + 0*t - 19 = 0. Suppose -w - 3 = -t. Suppose -j + w + 8 = 0. What is the greatest common divisor of 6 and j?
6
Let d(l) be the second derivative of l**4/6 + l**3/3 + 4*l. Let r be d(7). What is the greatest common divisor of 14 and r?
14
Let s be (150/6)/(1/5). Suppose -2*t + u + 40 = -t, -4*u = -3*t + s. What is the greatest common divisor of t and 14?
7
Let n be (-60)/1*(-4)/6. Let j be 6/(14/8 + (-11)/11). What is the highest common factor of j and n?
8
Suppose -2*c = -c - 42. Suppose 14 = -5*s + 44. Calculate the highest common factor of c and s.
6
Let a(f) = 13*f**2 + 3*f - 2. Let m be a(-3). Let w be m/3 - 2/6. Let q = 7 - 2. What is the greatest common factor of w and q?
5
Let h(w) = -w**3 - w**2 + w - 7. Let o be h(0). Let f be (-136)/(-14) + (-2)/o. Let c be -1 + (1 - 0) + 30. What is the highest common factor of c and f?
10
Let h be -13*(2 - -1) + 0. Let k(s) = -s**3 + 6*s**2 + 7*s + 1. Let o be k(5). Let q = o + h. Calculate the highest common factor of q and 2.
2
Suppose 0 = -3*r + 13 + 17. Suppose 2*c + 180 = 7*c. Suppose -54 = -3*x + c. What is the highest common divisor of r and x?
10
Suppose -2*v = k - 2 + 1, 13 = -v - 5*k. Let b = -4 - v. Let y be -39*(8/b + 1). Calculate the highest common divisor of y and 52.
13
Let s(v) = -v + 19. Let u be s(12). Calculate the greatest common divisor of 70 and u.
7
Suppose 2*d = -5*j + 125, 61 + 36 = 4*j + d. Suppose 0 = -2*h + j + 9. Suppose h = 5*x - 4. What is the highest common divisor of x and 10?
2
Let v(n) = -n**3 + 90. Let w(d) = d**3 - 10*d**2 - 12*d + 11. Let q be w(11). Let c be v(q). Calculate the highest common divisor of c and 10.
10
Let b be 2/(-5) - (-2)/5. Suppose b*s - c = 2*s - 7, 17 = 5*s + 3*c. What is the greatest common factor of 4 and s?
4
Suppose 0 = -5*f + 6*f - 10. What is the greatest common factor of 10 and f?
10
Let y(x) = -x - 4. Let k be y(-3). Let l(o) = 7*o**2 + 2*o + 1. Let w be l(k). Calculate the greatest common divisor of w and 30.
6
Let d(s) = 12*s**2 - 5*s + 3. Let v = 8 - 5. Let m be d(v). Calculate the highest common factor of m and 12.
12
Let b be (-1 + 0)*(-64 - 0). What is the greatest common factor of b and 8?
8
Let y be (-12)/(1*(-6)/33). Let v(t) = -3*t + 15. Let c be v(3). What is the highest common factor of y and c?
6
Let o = 14 - 6. Calculate the highest common factor of 64 and o.
8
Suppose -5*l + 4*b + 161 = 0, -2*l - b - 98 = -5*l. Let a(q) = q**3 - 13*q**2 + 3*q - 17. Let p be a(13). Calculate the highest common factor of l and p.
11
Let s(m) = -2*m + 3. Let y be s(-2). Let l(b) = -b**2 + 12*b - 7. Let i be l(y). Calculate the greatest common divisor of i and 28.
28
Let m(g) = -g**3 + g**2 - g + 2. Let y be m(0). Suppose -y*d - 8 + 24 = 0. What is the highest common divisor of d and 16?
8
Let o be (1 + (1 - 2))/2. Suppose o = -2*l - 3*l + 65. What is the highest common factor of l and 39?
13
Let w(v) be the second derivative of -7*v**5 - v. Let n be w(-1). What is the highest common divisor of n and 14?
14
Let t = -4 - -6. Suppose 0 = v - 4*o - 4 - 169, -2*v + 296 = t*o. Calculate the greatest common factor of v and 17.
17
Let s = 0 - 0. Suppose 2*a - 6 - 2 = s. What is the highest common divisor of a and 20?
4
Let l be 32/5 - 10/25. Calculate the highest common factor of 9 and l.
3
Let l = -81 - -191. Calculate the greatest common divisor of 44 and l.
22
Suppose -w + 10 = 5*o - 0*w, 4*w = -20. Suppose 3*a = -3*k + o, k - a = 3*k - 5. Suppose -5*q = -k*q - 16. Calculate the greatest common divisor of q and 40.
8
Suppose 3*r = 3*i - 585, -3*r = -5*i + 493 + 492. Let m be 4/18 - i/(-72). What is the greatest common divisor of m and 33?
3
Suppose 5*h + 45 = 8*h. Suppose 5*q - 5 = -w - 0*w, -5*w - 5*q + 25 = 0. Calculate the greatest common divisor of w and h.
5
Let c be 5/(20/592) - 4. Let r be (3/(-2))/((-9)/12). Suppose 34 = r*l + 2. Calculate the greatest common divisor of c and l.
16
Let s be 2/(-3) + 303/9. Let r be (-2)/3 - 10/(-6). Let y be (2 - r) + 3*7. Calculate the highest common divisor of s and y.
11
Suppose -8*k + 3*k = 2*r - 306, 5*k - 285 = 5*r. Suppose 0 = -2*l - l + k. Let h = -1 + 6. What is the highest common divisor of l and h?
5
Suppose -3*m + 128 = -268. Suppose 21 + 15 = 3*j. What is the greatest common divisor of j and m?
12
Suppose 6*o - 2*o - 8 = 0. Suppose -4*w + 2*r - 5*r = -88, -4*w = 2*r - 88. What is the highest common divisor of w and o?
2
Let a = -2 + 5. Let b = 3 - -1. Suppose b*m - 36 = a*m. Calculate the greatest common divisor of 6 and m.
6
Let k(n) = 3 + 2 + 0*n + 3*n - 4*n. Let g be k(5). Let r be 0 - (-106 - (g + -2)). Calculate the greatest common divisor of 13 and r.
13
Suppose 3*k + 3 = y + 4*k, 3*y - k - 9 = 0. Calculate the greatest common factor of y and 81.
3
Suppose 1 - 16 = -5*t. Let p be (1/t - 0)*54. Calculate the highest common factor of 90 and p.
18
Let g be (-28)/8 - (-2)/(-4). Let x be 47 - (-2 - (2 + g)). Suppose 0 = 5*y - x + 17. Calculate the greatest common divisor of 54 and y.
6
Let g(l) = -3*l - 4. Let y be g(-4). Let k = 43 + -23. Calculate the greatest common factor of k and y.
4
Suppose 0 = -2*d + 32 + 60. Suppose -d = -8*k + 7*k + q, -k + 47 = -2*q. Let s be 1/(3/33) - 2. Calculate the highest common factor of k and s.
9
Let h = 12 + 0. What is the highest common divisor of 96 and h?
12
Suppose -2*t - 1 = 3. Let x(n) = -11*n - 2. Let p be x(t). Suppose 0 = 3*k - 0 - 15. Calculate the highest common factor of k and p.
5
Suppose 0 = -5*w - 2*y + 436, 2 = w + y - 84. Suppose 63 = 5*b - 4*q, 0 = 4*b - q + 6*q - 34. Calculate the highest common divisor of w and b.
11
Suppose 3*k = 3 + 3. Suppose 13 = 3*u + k*w, 2*u - 2*w - 15 = 3*w. Let h be (25/(-3))/(3/(-9)). Calculate the highest common divisor of h and u.
5
Suppose 2*w = 2*b + 28, 5*w - 9 - 65 = 4*b. Let a be 22/(-2 - (-40)/w). Calculate the greatest common divisor of 66 and a.
33
Suppose 0 = -b + 3*b. Suppose m = -b*m + 3. Let n be m - (3/(-3) + 1). What is the highest common factor of 24 and n?
3
Suppose 2*j = -j. Suppose -5*a + 135 + 20 = j. What is the greatest common factor of a and 31?
31
Let h(k) = 15*k**3 + k**2 - 2*k + 2. Let r be h(1). Calculate the highest common factor of 40 and r.
8
Let n(b) = b + 8. Let x be n(10). Let l = x + -9. Let c = 30 + -21. Calculate the highest common divisor of c and l.
9
Suppose 7*h - 10 = 2*h. Suppose -h*t + 30 = 2*o, 4*t - 5*o - 77 = t. Calculate the highest common factor of 152 and t.
19
Suppose -30 = 4*j - 3*j. Let u be 1/(-1 + (-33)/j). Suppose 3*i = -2*i + 350. Calculate the greatest common divisor of i and u.
10
Let l(m) = -m**3 + 5*m**2 + 8*m - 7. Let i be l(6). Let g = -3 + i. Suppose 3*j = 5*r - 22, -j + 12 = 4*r - g*j. What is the highest common factor of 6 and r?
2
Let y = -57 + 150. Calculate the greatest common divisor of 31 and y.
31
Let w(t) = t**2 - 4*t - 2. Let a be w(6). Calculate the greatest common divisor of 50 and a.
10
Let u(n) = -2*n**3 - 3*n**2 - 2*n + 2. Let t be 19/(-4) - (-2)/(-8). Let a be u(t). Calculate the greatest common divisor of 17 and a.
17
Let b = 46